{"id":993,"date":"2024-08-10T17:33:45","date_gmt":"2024-08-10T15:33:45","guid":{"rendered":"https:\/\/www.ballkids.be\/?page_id=993"},"modified":"2024-08-10T18:14:42","modified_gmt":"2024-08-10T16:14:42","slug":"993-2","status":"publish","type":"page","link":"https:\/\/www.ballkids.be\/?page_id=993","title":{"rendered":"Foire aux questions"},"content":{"rendered":"<style>#sp-ea-990 .spcollapsing { height: 0; overflow: hidden; transition-property: height;transition-duration: 300ms;}#sp-ea-990.sp-easy-accordion>.sp-ea-single {margin-bottom: 15px; border: 1px solid #e2e2e2; }#sp-ea-990.sp-easy-accordion>.sp-ea-single>.ea-header a {color: #444;}#sp-ea-990.sp-easy-accordion>.sp-ea-single>.sp-collapse>.ea-body {background: #fff; color: #444;}#sp-ea-990.sp-easy-accordion>.sp-ea-single {background: #eee;}#sp-ea-990.sp-easy-accordion>.sp-ea-single>.ea-header a .ea-expand-icon { float: left; color: #444;font-size: 16px;}<\/style><div id=\"sp_easy_accordion-1723248712\"><div id=\"sp-ea-990\" class=\"sp-ea-one sp-easy-accordion\" data-ex-icon=\"minus\" data-col-icon=\"plus\"  data-ea-active=\"ea-click\"  data-ea-mode=\"vertical\" data-preloader=\"\" data-scroll-active-item=\"\" data-offset-to-scroll=\"0\"><div class=\"ea-card  sp-ea-single\"><h3 class=\"ea-header\"><a class=\"collapsed\" id=\"ea-header-9900\" data-sptoggle=\"spcollapse\" data-sptarget=\"#collapse9900\" aria-controls=\"collapse9900\" href=\"javascript:void(0)\"  aria-expanded=\"false\" tabindex=\"0\"><i class=\"ea-expand-icon ea-icon-expand-plus\"><\/i> Qu'est-ce que \"BELGIUM Ball Kids\" ?<\/a><\/h3><div class=\"sp-collapse spcollapse spcollapse\" id=\"collapse9900\" data-parent=\"#sp-ea-990\" role=\"region\" aria-labelledby=\"ea-header-9900\"><div class=\"ea-body\"><p><strong>BELGIUM Ball Kids<\/strong> est un programme cr\u00e9\u00e9 en 2017.<\/p>\n<p>Ce programme a pour but de recruter des jeunes issus de toute la Belgique afin de participer \u00e0 des matchs internationaux de football comme <em>ramasseurs de balles<\/em>.<\/p>\n<p>Les rencontres g\u00e9r\u00e9es par <strong>BELGIUM Ball Kids<\/strong> se d\u00e9roulent, principalement, au Proximus Basecamp de Tubize qui est le centre d'entra\u00eenement national des \u00e9quipes belges de football. Les cat\u00e9gories des rencontres sont comprises de U15 \u00e0 U20 (football masculin) et de WU15 \u00e0 WU23 (football f\u00e9minin).<\/p>\n<p>Tous les matchs sont organis\u00e9s par la <em>Royal Belgian Football Association<\/em> (RBFA).<\/p>\n<\/div><\/div><\/div><div class=\"ea-card  sp-ea-single\"><h3 class=\"ea-header\"><a class=\"collapsed\" id=\"ea-header-9901\" data-sptoggle=\"spcollapse\" data-sptarget=\"#collapse9901\" aria-controls=\"collapse9901\" href=\"javascript:void(0)\"  aria-expanded=\"false\" tabindex=\"0\"><i class=\"ea-expand-icon ea-icon-expand-plus\"><\/i> Qui peut s'inscrire pour les matchs ?<\/a><\/h3><div class=\"sp-collapse spcollapse spcollapse\" id=\"collapse9901\" data-parent=\"#sp-ea-990\" role=\"region\" aria-labelledby=\"ea-header-9901\"><div class=\"ea-body\"><p><span style=\"color: #ff0000\">&lt;&gt;<strong> FINALE YOUTH CUP du 20\/04\/2025<\/strong><\/span><\/p>\n<p><span style=\"color: #ff0000\">&lt;&gt; Exceptionnellement, il est possible d'inscrire un seul participant \u00e0 l'activit\u00e9, sans r\u00e9unir de groupe complet.<\/span><\/p>\n<p>Les clubs, associations, \u00e9coles ou familles peuvent inscrire un groupe pour participer \u00e0 un match.<\/p>\n<p>Chaque match n\u00e9cessite la pr\u00e9sence d'un groupe complet, et une inscription signifie que vous vous engagez \u00e0 venir <strong>avec un groupe de 9 \u00e0 12 participants<\/strong>.<\/p>\n<p>Les participants doivent \u00eatre \u00e2g\u00e9s entre 11 et 15 ans inclus, filles et\/ou gar\u00e7ons.<\/p>\n<p><strong>Il n'y a aucune inscription individuelle possible (SAUF pour la finale YOUTH CUP du 20\/04\/2025).<\/strong><\/p>\n<\/div><\/div><\/div><div class=\"ea-card  sp-ea-single\"><h3 class=\"ea-header\"><a class=\"collapsed\" id=\"ea-header-9902\" data-sptoggle=\"spcollapse\" data-sptarget=\"#collapse9902\" aria-controls=\"collapse9902\" href=\"javascript:void(0)\"  aria-expanded=\"false\" tabindex=\"0\"><i class=\"ea-expand-icon ea-icon-expand-plus\"><\/i> L'inscription est-elle payante ? Et pour les accompagnants ?<\/a><\/h3><div class=\"sp-collapse spcollapse spcollapse\" id=\"collapse9902\" data-parent=\"#sp-ea-990\" role=\"region\" aria-labelledby=\"ea-header-9902\"><div class=\"ea-body\"><p>La participation aux matchs comme <em>ramasseurs de balles<\/em> est totalement gratuite pour les enfants.<\/p>\n<p>Les accompagnants sont \u00e9galement invit\u00e9s \u00e0 voir le match gratuitement depuis la tribune.<\/p>\n<\/div><\/div><\/div><div class=\"ea-card  sp-ea-single\"><h3 class=\"ea-header\"><a class=\"collapsed\" id=\"ea-header-9903\" data-sptoggle=\"spcollapse\" data-sptarget=\"#collapse9903\" aria-controls=\"collapse9903\" href=\"javascript:void(0)\"  aria-expanded=\"false\" tabindex=\"0\"><i class=\"ea-expand-icon ea-icon-expand-plus\"><\/i> C'est quoi le \"Responsable de groupe\" ?<\/a><\/h3><div class=\"sp-collapse spcollapse spcollapse\" id=\"collapse9903\" data-parent=\"#sp-ea-990\" role=\"region\" aria-labelledby=\"ea-header-9903\"><div class=\"ea-body\"><p><span style=\"color: #ff0000\">&lt;&gt;<strong> FINALE YOUTH CUP du 20\/04\/2025<\/strong><\/span><\/p>\n<p><span style=\"color: #ff0000\">&lt;&gt; Pour cette activit\u00e9, il n'y a pas de responsable de groupe, la RBFA encadrera les enfants.<\/span><\/p>\n<p>Le Responsable de groupe est la personne de r\u00e9f\u00e9rence lors de votre venue au stade.<\/p>\n<p>Il s'agit soit d'un coach, d'un d\u00e9l\u00e9gu\u00e9, d'un parent ou d'une personne de votre club\/association.<\/p>\n<p>Durant la pr\u00e9sence des ramasseurs de balles au <em>Proximus Basecamp<\/em>, le Responsable de groupe devra les accompagner et s'assurer d'un comportement exemplaire de la part des enfants. Cette personne restera proche du terrain et des vestiaires durant la rencontre. Aucun autre accompagnant n'aura acc\u00e8s \u00e0 la zone r\u00e9serv\u00e9e aux joueurs, aux staffs et aux arbitres.<\/p>\n<p>Sur place, un <strong><em>Ball Kids Manager<\/em><\/strong> sera pr\u00e9sent pour encadrer le groupe.<\/p>\n<\/div><\/div><\/div><div class=\"ea-card  sp-ea-single\"><h3 class=\"ea-header\"><a class=\"collapsed\" id=\"ea-header-9904\" data-sptoggle=\"spcollapse\" data-sptarget=\"#collapse9904\" aria-controls=\"collapse9904\" href=\"javascript:void(0)\"  aria-expanded=\"false\" tabindex=\"0\"><i class=\"ea-expand-icon ea-icon-expand-plus\"><\/i> Comment s'habiller pour venir au match ?<\/a><\/h3><div class=\"sp-collapse spcollapse spcollapse\" id=\"collapse9904\" data-parent=\"#sp-ea-990\" role=\"region\" aria-labelledby=\"ea-header-9904\"><div class=\"ea-body\"><p>La seule r\u00e8gle \u00e0 respecter concerne la couleur du pantalon ou du short, celui-ci doit \u00eatre de couleur neutre ou fonc\u00e9e (noir, blanc, bleu fonc\u00e9...). Pas de couleur fluo ou trop vive.<\/p>\n<p>L'activit\u00e9 de ramasseur signifie que les participants ne bougeront pas de leur zone en bord de terrain, et qu'il faut surtout adapter la tenue \u00e0 la m\u00e9t\u00e9o (froid, pluie, chaleur).<\/p>\n<p>Il est vivement conseill\u00e9 de pr\u00e9voir :<\/p>\n<ul>\n<li>des chaussures de sport ou de football multi-studs (pas de crampons en m\u00e9tal)<\/li>\n<li>un kway avec capuche<\/li>\n<li>une grosse veste, un pull et des v\u00eatements chauds (en cas de froid ou de gel)<\/li>\n<li>un pantalon ou short fonc\u00e9<\/li>\n<li>un bonnet \/ une casquette \/ des gants<\/li>\n<li>un essuie \/ une serviette \/ une trousse de toilette (si n\u00e9cessaire)<\/li>\n<\/ul>\n<p>Les trainings de club sont accept\u00e9s.<\/p>\n<p>En cas de pluie, il est n\u00e9cessaire de pr\u00e9voir des v\u00eatements propres et secs, ainsi que des chaussures propres.<\/p>\n<p>Un vestiaire et des douches sont r\u00e9serv\u00e9s aux ramasseurs de balles lors du match.<\/p>\n<\/div><\/div><\/div><div class=\"ea-card  sp-ea-single\"><h3 class=\"ea-header\"><a class=\"collapsed\" id=\"ea-header-9905\" data-sptoggle=\"spcollapse\" data-sptarget=\"#collapse9905\" aria-controls=\"collapse9905\" href=\"javascript:void(0)\"  aria-expanded=\"false\" tabindex=\"0\"><i class=\"ea-expand-icon ea-icon-expand-plus\"><\/i> Peut-on inscrire plusieurs groupes ?<\/a><\/h3><div class=\"sp-collapse spcollapse spcollapse\" id=\"collapse9905\" data-parent=\"#sp-ea-990\" role=\"region\" aria-labelledby=\"ea-header-9905\"><div class=\"ea-body\"><p>Nous acceptons qu'un club ou une association s'inscrive \u00e0 plusieurs rencontres durant la saison 2024-2025.<\/p>\n<p>Cependant, nous privil\u00e9gions des <em>ramasseurs de balles<\/em> diff\u00e9rents lors de chaque rencontre, m\u00eame s'ils sont issus du m\u00eame club (par exemple, vous venez avec une autre \u00e9quipe ou une autre cat\u00e9gorie).<\/p>\n<\/div><\/div><\/div><div class=\"ea-card  sp-ea-single\"><h3 class=\"ea-header\"><a class=\"collapsed\" id=\"ea-header-9906\" data-sptoggle=\"spcollapse\" data-sptarget=\"#collapse9906\" aria-controls=\"collapse9906\" href=\"javascript:void(0)\"  aria-expanded=\"false\" tabindex=\"0\"><i class=\"ea-expand-icon ea-icon-expand-plus\"><\/i> Peut-on s'inscrire aux matchs pour les Diables Rouges ou les Red Flames ?<\/a><\/h3><div class=\"sp-collapse spcollapse spcollapse\" id=\"collapse9906\" data-parent=\"#sp-ea-990\" role=\"region\" aria-labelledby=\"ea-header-9906\"><div class=\"ea-body\"><p>L'inscription comme ramasseurs de balles pour les Diables Rouges, pour les Espoirs (U21) et pour les Red Flames n'est pas possible via cette plate-forme.<\/p>\n<p>Cela se fait via des campagnes sp\u00e9ciales ou des concours organis\u00e9s par les partenaires de la Royal Belgian Football Association.<\/p>\n<\/div><\/div><\/div><div class=\"ea-card  sp-ea-single\"><h3 class=\"ea-header\"><a class=\"collapsed\" id=\"ea-header-9907\" data-sptoggle=\"spcollapse\" data-sptarget=\"#collapse9907\" aria-controls=\"collapse9907\" href=\"javascript:void(0)\"  aria-expanded=\"false\" tabindex=\"0\"><i class=\"ea-expand-icon ea-icon-expand-plus\"><\/i> La visite du Centre National est-elle possible ?<\/a><\/h3><div class=\"sp-collapse spcollapse spcollapse\" id=\"collapse9907\" data-parent=\"#sp-ea-990\" role=\"region\" aria-labelledby=\"ea-header-9907\"><div class=\"ea-body\"><p>Selon le planning des activit\u00e9s pr\u00e9vues au Centre National de Tubize <em>(Proximus Basecamp)<\/em>, il est possible d'organiser une visite des installations et de l'h\u00f4tel des Diables Rouges.<\/p>\n<p>La visite dure, en moyenne, 60 minutes et se d\u00e9roule apr\u00e8s la rencontre, sauf si celle-ci se termine trop tard. Dans ce cas, la visite se fera d\u00e8s l'arriv\u00e9e du groupe \u00e0 Tubize (pr\u00e9voir d'arriver 75 minutes plus t\u00f4t).<\/p>\n<p>Tous les participants et les accompagnants sont invit\u00e9s \u00e0 suivre la visite.<\/p>\n<p>Attention, nous insistons que cette visite peut \u00eatre planifi\u00e9e mais ensuite annul\u00e9e en cas d'inaccessibilit\u00e9 des installations du <em>Proximus Basecamp<\/em>.<\/p>\n<p>Dans ce cas, une alternative sera toujours propos\u00e9e au groupe.<\/p>\n<\/div><\/div><\/div><div class=\"ea-card  sp-ea-single\"><h3 class=\"ea-header\"><a class=\"collapsed\" id=\"ea-header-9908\" data-sptoggle=\"spcollapse\" data-sptarget=\"#collapse9908\" aria-controls=\"collapse9908\" href=\"javascript:void(0)\"  aria-expanded=\"false\" tabindex=\"0\"><i class=\"ea-expand-icon ea-icon-expand-plus\"><\/i> Pourquoi, lors de certaines rencontres, l'\u00e9quipe belge ne joue pas ?<\/a><\/h3><div class=\"sp-collapse spcollapse spcollapse\" id=\"collapse9908\" data-parent=\"#sp-ea-990\" role=\"region\" aria-labelledby=\"ea-header-9908\"><div class=\"ea-body\"><p>La RBFA (Royal Belgian Football Association) peut accueillir des comp\u00e9titions officielles organis\u00e9es sous l'\u00e9gide de l'UEFA <em>(<span style=\"color: #333333\">European Championship<\/span>)<\/em>.<\/p>\n<p>En jeunes, cela signifie que plusieurs \u00e9quipes internationales se rencontrent dans un tournoi se d\u00e9roulant sur 10 jours, dans lequel la Belgique est toujours repr\u00e9sent\u00e9e.<\/p>\n<p>Chaque \u00e9quipe doit jouer l'une contre l'autre afin d'\u00e9tablir le classement final de la comp\u00e9tition.<\/p>\n<\/div><\/div><\/div><div class=\"ea-card  sp-ea-single\"><h3 class=\"ea-header\"><a class=\"collapsed\" id=\"ea-header-9909\" data-sptoggle=\"spcollapse\" data-sptarget=\"#collapse9909\" aria-controls=\"collapse9909\" href=\"javascript:void(0)\"  aria-expanded=\"false\" tabindex=\"0\"><i class=\"ea-expand-icon ea-icon-expand-plus\"><\/i> Comment annuler une inscription ?<\/a><\/h3><div class=\"sp-collapse spcollapse spcollapse\" id=\"collapse9909\" data-parent=\"#sp-ea-990\" role=\"region\" aria-labelledby=\"ea-header-9909\"><div class=\"ea-body\"><p>En vous inscrivant pour un match, vous vous engagez \u00e0 respecter les conditions de participation de l'\u00e9v\u00e9nement.<\/p>\n<p>Cependant, il peut arriver qu'un emp\u00eachement se produise pour votre groupe.<\/p>\n<p>Dans ce cas, vous devez informer AU PLUS VITE le <em>Ball Kids Manager<\/em>\u00a0qui vous aura contact\u00e9.<\/p>\n<\/div><\/div><\/div><div class=\"ea-card  sp-ea-single\"><h3 class=\"ea-header\"><a class=\"collapsed\" id=\"ea-header-99010\" data-sptoggle=\"spcollapse\" data-sptarget=\"#collapse99010\" aria-controls=\"collapse99010\" href=\"javascript:void(0)\"  aria-expanded=\"false\" tabindex=\"0\"><i class=\"ea-expand-icon ea-icon-expand-plus\"><\/i> Peut-on se garer facilement ?<\/a><\/h3><div class=\"sp-collapse spcollapse spcollapse\" id=\"collapse99010\" data-parent=\"#sp-ea-990\" role=\"region\" aria-labelledby=\"ea-header-99010\"><div class=\"ea-body\"><p>Plusieurs parkings sont disponibles au <em>Proximus Basecamp<\/em> de Tubize. Toutefois, il est possible que ceux-ci soient remplis \u00e0 votre arriv\u00e9e.<\/p>\n<p>Nous invitons les participants et les accompagnants \u00e0 suivre les consignes donn\u00e9es par les stewards et les gardes de s\u00e9curit\u00e9 \u00e0 l'entr\u00e9e du site.<\/p>\n<\/div><\/div><\/div><div class=\"ea-card  sp-ea-single\"><h3 class=\"ea-header\"><a class=\"collapsed\" id=\"ea-header-99011\" data-sptoggle=\"spcollapse\" data-sptarget=\"#collapse99011\" aria-controls=\"collapse99011\" href=\"javascript:void(0)\"  aria-expanded=\"false\" tabindex=\"0\"><i class=\"ea-expand-icon ea-icon-expand-plus\"><\/i> Les animaux sont-ils autoris\u00e9s ?<\/a><\/h3><div class=\"sp-collapse spcollapse spcollapse\" id=\"collapse99011\" data-parent=\"#sp-ea-990\" role=\"region\" aria-labelledby=\"ea-header-99011\"><div class=\"ea-body\"><p>Les animaux sont interdits dans le <em>Proximus Basecamp<\/em>.<\/p>\n<\/div><\/div><\/div><div class=\"ea-card  sp-ea-single\"><h3 class=\"ea-header\"><a class=\"collapsed\" id=\"ea-header-99012\" data-sptoggle=\"spcollapse\" data-sptarget=\"#collapse99012\" aria-controls=\"collapse99012\" href=\"javascript:void(0)\"  aria-expanded=\"false\" tabindex=\"0\"><i class=\"ea-expand-icon ea-icon-expand-plus\"><\/i> Les sacs \u00e0 dos et autres sacoches sont-ils autoris\u00e9s ?<\/a><\/h3><div class=\"sp-collapse spcollapse spcollapse\" id=\"collapse99012\" data-parent=\"#sp-ea-990\" role=\"region\" aria-labelledby=\"ea-header-99012\"><div class=\"ea-body\"><p>Les sacs sont autoris\u00e9s s'ils ne sont pas plus grands qu'une feuille A4.<\/p>\n<p>Par contre, les enfants sont autoris\u00e9s \u00e0 prendre un grand sac (sac \u00e0 dos, de sport, ...) pour y mettre leurs v\u00eatements de rechange, chaussures propres et affaires personnelles.<\/p>\n<\/div><\/div><\/div><\/div><\/div>\n","protected":false},"excerpt":{"rendered":"","protected":false},"author":2,"featured_media":0,"parent":0,"menu_order":0,"comment_status":"closed","ping_status":"closed","template":"elementor_theme","meta":{"footnotes":""},"class_list":["post-993","page","type-page","status-publish","hentry"],"_links":{"self":[{"href":"https:\/\/www.ballkids.be\/index.php?rest_route=\/wp\/v2\/pages\/993","targetHints":{"allow":["GET"]}}],"collection":[{"href":"https:\/\/www.ballkids.be\/index.php?rest_route=\/wp\/v2\/pages"}],"about":[{"href":"https:\/\/www.ballkids.be\/index.php?rest_route=\/wp\/v2\/types\/page"}],"author":[{"embeddable":true,"href":"https:\/\/www.ballkids.be\/index.php?rest_route=\/wp\/v2\/users\/2"}],"replies":[{"embeddable":true,"href":"https:\/\/www.ballkids.be\/index.php?rest_route=%2Fwp%2Fv2%2Fcomments&post=993"}],"version-history":[{"count":2,"href":"https:\/\/www.ballkids.be\/index.php?rest_route=\/wp\/v2\/pages\/993\/revisions"}],"predecessor-version":[{"id":1000,"href":"https:\/\/www.ballkids.be\/index.php?rest_route=\/wp\/v2\/pages\/993\/revisions\/1000"}],"wp:attachment":[{"href":"https:\/\/www.ballkids.be\/index.php?rest_route=%2Fwp%2Fv2%2Fmedia&parent=993"}],"curies":[{"name":"wp","href":"https:\/\/api.w.org\/{rel}","templated":true}]}}